{"id":44,"date":"2014-12-01T20:08:33","date_gmt":"2014-12-01T19:08:33","guid":{"rendered":"http:\/\/www.englischschecken.ch\/?page_id=44"},"modified":"2026-01-11T16:57:41","modified_gmt":"2026-01-11T15:57:41","slug":"blick-in-die-geschichte","status":"publish","type":"page","link":"https:\/\/www.englischschecken.ch\/?page_id=44","title":{"rendered":"Blick in die Geschichte"},"content":{"rendered":"<div class=\"wp-block-image\">\n<figure class=\"alignleft\"><img loading=\"lazy\" decoding=\"async\" width=\"392\" height=\"550\" src=\"http:\/\/www.englischschecken.ch\/wp-content\/uploads\/2016\/12\/TitelseiteChronikESch-200dpi-HPage-392x550.jpg\" alt=\"\" class=\"wp-image-1752\" srcset=\"https:\/\/www.englischschecken.ch\/wp-content\/uploads\/2016\/12\/TitelseiteChronikESch-200dpi-HPage-392x550.jpg 392w, https:\/\/www.englischschecken.ch\/wp-content\/uploads\/2016\/12\/TitelseiteChronikESch-200dpi-HPage-214x300.jpg 214w, https:\/\/www.englischschecken.ch\/wp-content\/uploads\/2016\/12\/TitelseiteChronikESch-200dpi-HPage-768x1078.jpg 768w, https:\/\/www.englischschecken.ch\/wp-content\/uploads\/2016\/12\/TitelseiteChronikESch-200dpi-HPage-619x868.jpg 619w, https:\/\/www.englischschecken.ch\/wp-content\/uploads\/2016\/12\/TitelseiteChronikESch-200dpi-HPage.jpg 1697w\" sizes=\"auto, (max-width: 392px) 100vw, 392px\" \/><\/figure>\n<\/div>\n\n\n<p><\/p>\n\n\n<div class=\"wp-block-image\">\n<figure class=\"alignleft\"><img decoding=\"async\" src=\"http:\/\/www.englischschecken.ch\/wp-content\/uploads\/2014\/12\/PDF-Symbol-e1422735176388.png\" alt=\"\" class=\"wp-image-942\"\/><\/figure>\n<\/div>\n\n\n<p>Download je 10 MB<\/p>\n\n\n\n<p>&nbsp;<\/p>\n\n\n<div class=\"wp-block-image\">\n<figure class=\"alignleft\"><img loading=\"lazy\" decoding=\"async\" width=\"300\" height=\"300\" src=\"http:\/\/www.englischschecken.ch\/wp-content\/uploads\/2016\/12\/Buchzeichen.jpg\" alt=\"\" class=\"wp-image-1791\" srcset=\"https:\/\/www.englischschecken.ch\/wp-content\/uploads\/2016\/12\/Buchzeichen.jpg 300w, https:\/\/www.englischschecken.ch\/wp-content\/uploads\/2016\/12\/Buchzeichen-150x150.jpg 150w\" sizes=\"auto, (max-width: 300px) 100vw, 300px\" \/><\/figure>\n<\/div>\n\n\n<p><\/p>\n\n\n\n<p><a href=\"http:\/\/www.englischschecken.ch\/wp-content\/uploads\/2016\/12\/Buch-Chronik-Druckbogen-Homepage.pdf\" target=\"_blank\" rel=\"noopener\"><br>ChronikSchweizerEnglischscheckenKlub-2016-Buchform<\/a><\/p>\n\n\n<div class=\"wp-block-image\">\n<figure class=\"alignleft\"><a href=\"http:\/\/www.englischschecken.ch\/wp-content\/uploads\/2016\/12\/ChronikSchweizerEnglischscheckenKlub-2016-Homepage.pdf\" target=\"_blank\" rel=\"noopener\"><img loading=\"lazy\" decoding=\"async\" width=\"341\" height=\"255\" src=\"http:\/\/www.englischschecken.ch\/wp-content\/uploads\/2014\/12\/Einzelseiten.jpg\" alt=\"\" class=\"wp-image-1831\" srcset=\"https:\/\/www.englischschecken.ch\/wp-content\/uploads\/2014\/12\/Einzelseiten.jpg 341w, https:\/\/www.englischschecken.ch\/wp-content\/uploads\/2014\/12\/Einzelseiten-300x224.jpg 300w\" sizes=\"auto, (max-width: 341px) 100vw, 341px\" \/><\/a><\/figure>\n<\/div>\n\n\n<p><a href=\"http:\/\/www.englischschecken.ch\/wp-content\/uploads\/2016\/12\/ChronikSchweizerEnglischscheckenKlub-2016-Homepage.pdf\" target=\"_blank\" rel=\"noopener\">ChronikSchweizerEnglischscheckenKlub-2016-Einzelseiten<\/a><\/p>\n\n\n\n<p>&nbsp;<\/p>\n\n\n\n<p>&nbsp;<\/p>\n\n\n\n<h4 class=\"wp-block-heading\"><span style=\"color: #008000;\">Zusammengefasster geschichtlicher R\u00fcckblick<\/span><\/h4>\n\n\n\n<p><strong>Anf\u00e4nge<\/strong><br>Nach verschiedenen Aufrufen in der &#8222;Tierwelt&#8220; und im &#8222;Schweiz. Kaninchenz\u00fcchter&#8220; trafen sich am 5. November 1916 im Hotel &#8222;Frohburg&#8220; in Olten ca. 7 Z\u00fcchter zur Gr\u00fcndung des <em>Schweiz. Club f\u00fcr Englische Scheckenzucht<\/em>. Als Zweck der Gr\u00fcndung erw\u00e4hnt das dar\u00fcber abgefasste Protokoll <em>&#8222;&#8230; dass das englische Scheckenkaninchen punkto Zeichnung und Farbe das sch\u00f6nste Farbenkaninchen, und deshalb wohl angebracht sei, dass ein solcher Klub in&#8217;s Leben gerufen werde, um der Zur\u00fccksetzung dieses Tieres an den verschiedenen Schauen und Ausstellungen ein Ende zu setzen&#8220;.<\/em> Die Versammlung beschloss, alle bis Ende 1916 eintretenden Mitglieder als Gr\u00fcnder anzuerkennen. Von dieser M\u00f6glichkeit machten 22 Z\u00fcchter Gebrauch. Stellvertretend f\u00fcr das gute Verh\u00e4ltnis untereinander und f\u00fcr den gemeinsamen Willen, den Zuchtsand zu verbessern, sei das Gr\u00fcndungsprotokoll zitiert: <em>\u201eHerr Thommen [Pr\u00e4sident] erkl\u00e4rte noch, dass er seinen 89er Rammler s\u00e4mtlichen Mitgliedern gratis zum Decken zur Verf\u00fcgung stelle und Herr Albert Marti [Vice-Pr\u00e4sident] seinen 86,5er\u201c<br><\/em><strong>Standard<br><\/strong>Schon von Beginn an hatte sich der Vorstand mit unterschiedlichen Bewertungen auseinanderzusetzen. Differenzen von bis zu 10 Punkten f\u00fcr das gleiche Tier waren keine Seltenheit. Um Fehlentscheide nach M\u00f6glichkeit auszuschalten und <em>&#8222;den Z\u00fcchtern und Ausstellern Gew\u00e4hr bieten zu k\u00f6nnen, dass ihre Anstrengungen auf dem Gebiete der Zuchtf\u00f6rderung nicht umsonst getan seien, wurde fr\u00fchzeitigen daran gegangen, einheitliche Normalien, d.h. einen Standard aufzustellen, an den sich die Preisrichter bei der Tierbewertung zu halten hatten.&#8220;<\/em> So wurde schon 1919 der erste Standard erarbeitet und in der Folge immer wieder angepasst, zum Wohle der Entwicklung der Rasse. 1935 wurde dann ein Standard genehmigt, der in seiner Grundauslegung und in den Positionen&nbsp;praktisch bis 2015 G\u00fcltigkeit hatte.<br><strong>Gruppen<br><\/strong>Bereits 1918 musste man sich gegen eine Zersplitterung des Klubs wehren, mit Erfolg. Um den regionalen Interessen besser entgegen zu kommen, wurden Gruppen gegr\u00fcndet.<br>1920 Basel und Z\u00fcrich;<br>1921 Aargau und Herisau (ab 1935 Gruppe Ostschweiz);<br>1933 Jura, die sich 1943 selbst\u00e4ndig machte, sich&nbsp;fortan Verband Westschweizerischer Englisch-Schecken-Z\u00fcchter&nbsp;und 1994&nbsp;als Gruppe West zum Hauptklub&nbsp;zur\u00fcckkehrte.<br>1932 wurden auch Verhandlungen mit dem Kantonalen bernischen Scheckenklub aufgenommen; eine Verschmelzung scheiterte dann aber aus finanziellen Gr\u00fcnden; 1992 wurde dies aber nachgeholt.<br>1980 Gruppe Innerschweiz,&nbsp;wo seither die Engelberger Kollegen (Othmar B\u00fctler und Toni Odermatt) &nbsp;j\u00e4hrlich&nbsp;das beliebte&nbsp;&#8222;Gerschnitreffen&#8220; der Scheckenfreunde&nbsp;organisierte.<br>Leider wurden 1942 die Gruppe Jura, 1995 die Gruppe Romand, 2000 die Gruppe Z\u00fcrich und 2008 die Gruppe Aargau aufgel\u00f6st.<br><strong>Schwere Jahre<br><\/strong>Die \u201eZwischenkriegsjahre\u201c und in hohem Masse die Zeit des zweiten Weltkrieges waren gepr\u00e4gt von Entbehrungen, Unsicherheit und Existenzangst. Besonders die Futterbeschaffung stellte in den St\u00e4dten eine grosse Herausforderung dar. Und so mancher Kaninchenz\u00fcchter freute sich umso mehr an einem Hasenbraten, der manche M\u00fchsal vergessen liess. Dies f\u00fchrte dazu, dass die Kaninchenzucht insgesamt w\u00e4hrend des zweiten Weltkriegs einen grossen Aufschwung erlebte.<br><strong>Ausstellungen<br><\/strong>Ausstellungen waren immer schon ein Elexir, das die Leidenschaft der Z\u00fcchter zu H\u00f6chstleistungen antrieb. 2016 fand die 46. nationale Klubausstellung in Boll\/BE statt, die erste datiert von 1922 in Langendorf\/SO. In der Regel&nbsp;werden seither&nbsp;die nationalen Klubausstellungen mit St\u00e4mmen und Kollektionen alle zwei Jahre durchgef\u00fchrt. In den Zwischenjahren organisieren die Gruppen ihre eigenen Klubschauen. Auch nationale Rammler-, bzw. Sie- oder Er-Schauen&nbsp;werden in den Zwischenjahren immer wieder&nbsp;angeboten.<br>Betrachtet man Bilder von Englischschecken der Anfangsjahre und vergleicht diese mit dem heutigen Stand, wird die Entwicklung augenscheinlich und man kann nur dankbar die grossartige z\u00fcchterische Leistung unserer Vorfahren anerkennen.<br><strong>Dank<br><\/strong>Der Schweizer Englischschecken Klub, wie er sich seit&nbsp;2014 nennt, hatte das Privileg, immer wieder von hervorragenden Pr\u00e4sidenten und Vorstandsmitgliedern engagiert gef\u00fchrt zu werden, welche das Klubsschiff auf Kurs hielten und manche Brandung mit Augenmass und Herz umsegelten. Daf\u00fcr geb\u00fchrt ihnen unser bester Dank und unsere gr\u00f6sste&nbsp;Hochachtung!<\/p>\n\n\n\n<p>Unsere Geschichte und ihre Hauptfiguren werden mit der Chronik zum 100-Jahr-Jubil\u00e4um des Klubs, 2016, ausf\u00fchrlich gew\u00fcrdigt.<\/p>\n","protected":false},"excerpt":{"rendered":"<p>Download je 10 MB &nbsp; ChronikSchweizerEnglischscheckenKlub-2016-Buchform ChronikSchweizerEnglischscheckenKlub-2016-Einzelseiten &nbsp; &nbsp; Zusammengefasster geschichtlicher R\u00fcckblick Anf\u00e4ngeNach verschiedenen Aufrufen in der &#8222;Tierwelt&#8220; und im &#8222;Schweiz. Kaninchenz\u00fcchter&#8220; trafen sich am 5. November 1916 im Hotel &#8222;Frohburg&#8220; in Olten ca. 7 Z\u00fcchter zur Gr\u00fcndung des Schweiz. Club f\u00fcr Englische Scheckenzucht. Als Zweck der Gr\u00fcndung erw\u00e4hnt das dar\u00fcber abgefasste Protokoll &#8222;&#8230; dass &hellip; <\/p>\n<p class=\"link-more\"><a href=\"https:\/\/www.englischschecken.ch\/?page_id=44\" class=\"more-link\"><span class=\"screen-reader-text\">\u201eBlick in die Geschichte\u201c <\/span>weiterlesen<\/a><\/p>\n","protected":false},"author":1,"featured_media":0,"parent":0,"menu_order":4,"comment_status":"closed","ping_status":"closed","template":"","meta":{"_uag_custom_page_level_css":"","footnotes":""},"class_list":["post-44","page","type-page","status-publish","hentry"],"uagb_featured_image_src":{"full":false,"thumbnail":false,"medium":false,"medium_large":false,"large":false,"1536x1536":false,"2048x2048":false,"twentyseventeen-featured-image":false,"twentyseventeen-thumbnail-avatar":false},"uagb_author_info":{"display_name":"admin","author_link":"https:\/\/www.englischschecken.ch\/?author=1"},"uagb_comment_info":0,"uagb_excerpt":"Download je 10 MB &nbsp; ChronikSchweizerEnglischscheckenKlub-2016-Buchform ChronikSchweizerEnglischscheckenKlub-2016-Einzelseiten &nbsp; &nbsp; Zusammengefasster geschichtlicher R\u00fcckblick Anf\u00e4ngeNach verschiedenen Aufrufen in der &#8222;Tierwelt&#8220; und im &#8222;Schweiz. Kaninchenz\u00fcchter&#8220; trafen sich am 5. November 1916 im Hotel &#8222;Frohburg&#8220; in Olten ca. 7 Z\u00fcchter zur Gr\u00fcndung des Schweiz. Club f\u00fcr Englische Scheckenzucht. Als Zweck der Gr\u00fcndung erw\u00e4hnt das dar\u00fcber abgefasste Protokoll &#8222;&#8230; dass&hellip;","_links":{"self":[{"href":"https:\/\/www.englischschecken.ch\/index.php?rest_route=\/wp\/v2\/pages\/44","targetHints":{"allow":["GET"]}}],"collection":[{"href":"https:\/\/www.englischschecken.ch\/index.php?rest_route=\/wp\/v2\/pages"}],"about":[{"href":"https:\/\/www.englischschecken.ch\/index.php?rest_route=\/wp\/v2\/types\/page"}],"author":[{"embeddable":true,"href":"https:\/\/www.englischschecken.ch\/index.php?rest_route=\/wp\/v2\/users\/1"}],"replies":[{"embeddable":true,"href":"https:\/\/www.englischschecken.ch\/index.php?rest_route=%2Fwp%2Fv2%2Fcomments&post=44"}],"version-history":[{"count":32,"href":"https:\/\/www.englischschecken.ch\/index.php?rest_route=\/wp\/v2\/pages\/44\/revisions"}],"predecessor-version":[{"id":6818,"href":"https:\/\/www.englischschecken.ch\/index.php?rest_route=\/wp\/v2\/pages\/44\/revisions\/6818"}],"wp:attachment":[{"href":"https:\/\/www.englischschecken.ch\/index.php?rest_route=%2Fwp%2Fv2%2Fmedia&parent=44"}],"curies":[{"name":"wp","href":"https:\/\/api.w.org\/{rel}","templated":true}]}}